{"id":308,"date":"2017-11-13T21:08:23","date_gmt":"2017-11-13T21:08:23","guid":{"rendered":"http:\/\/2018.sudurras.fo\/?page_id=308"},"modified":"2026-02-25T19:37:59","modified_gmt":"2026-02-25T19:37:59","slug":"lysingaprisir","status":"publish","type":"page","link":"https:\/\/sudurras.fo\/?page_id=308","title":{"rendered":"L\u00fdsingarpr\u00edsir"},"content":{"rendered":"<p><strong>Galdandi fr\u00e1 25. feb. 2026<\/strong><\/p>\n<p>&nbsp;<\/p>\n<p><strong>Kostna\u00f0ur av mi\u00f0al l\u00fdsing<\/strong><br \/>\nL\u00fdsing \u00ed 1 viku: kr. 1.000 + MVG = kr. 1.250,00 (minsta gjald)<br \/>\nL\u00fdsing \u00ed 1 m\u00e1na\u00f0: kr. 3.000 + MVG = kr. 3.750,00<\/p>\n<p>&nbsp;<\/p>\n<p><strong>Kostna\u00f0ur av l\u00fdsing \u00ed toppinum (1200 x&nbsp; 200 pixel)<\/strong><br \/>\nL\u00fdsing \u00ed 1 viku: kr. 1.200 + MVG = kr. 1.500.00 (minsta gjald)<br \/>\nL\u00fdsing \u00ed 1 m\u00e1na\u00f0: kr. 4.000 + mvg = kr. 5.000,00<\/p>\n<p>&nbsp;<\/p>\n<p><strong>\u00d8ll, sum keypa bannaral\u00fdsingar, f\u00e1a eina \u00f3keypis tekstl\u00fdsing vi\u00f0 \u00ed keypinum.<\/strong><\/p>\n<p>&nbsp;<\/p>\n<p><strong>Tekstl\u00fdsingar og kunnger\u00f0ir<\/strong><br \/>\nTekstl\u00fdsingar: kr. 320 + MVG = kr. 400 (tit senda okkum tekstin, sum vit leggja \u00fat)<br \/>\nKunnger\u00f0ir (fevnir bert um vi\u00f0 andalig m\u00f8tir og bingo o.t.): kr. 160 + MVG = kr. 200&nbsp;(tit senda okkum tekstin, sum vit leggja \u00fat)<\/p>\n<p>&nbsp;<\/p>\n<p><strong>VALGREINAR OG POLITISKAR VI\u00d0MERKINGAR<\/strong><br \/>\nGreinar og vi\u00f0merkingar \u00ed samband vi\u00f0 l\u00f8gtings-, f\u00f3lkatings- og kommunuval kr. 160 + MVG = kr. 200<\/p>\n<p>Valgreina-pakki1: 10 valgreinar fyri 1.200 kr. + mvg = 1.500 kr.<\/p>\n<p>Valgreina-pakki2: 20 valgreinar fyri 2000 kr. + mvg = 2.500 kr.<\/p>\n<p>Kvittan fyri gjald av valgreinum skal ver\u00f0a send Su\u00f0uroyarportalinum, \u00e1\u00f0renn valgreinin ver\u00f0ur l\u00f8gd \u00fat.<\/p>\n<p>&nbsp;<\/p>\n<p><strong>Samband<\/strong><br \/>\nYnskir t\u00fa st\u00f8rri l\u00fdsing, so set teg \u00ed samband vi\u00f0 okkum \u00e1&nbsp;<a href=\"https:\/\/mail.google.com\/mail\/?view=cm&amp;fs=1&amp;tf=1&amp;to=webmaster@sudurras.fo\" target=\"_blank\" rel=\"noopener noreferrer\">webmaster@sudurras.fo<\/a><\/p>\n<p>&nbsp;<\/p>\n<p><strong>Okkara konto<\/strong><br \/>\nSu\u00f0uroyarportalurin hevur konto \u00ed Su\u00f0uroyar Sparikassa: 9870 \u2013 1018044<\/p>\n<p>&nbsp;<\/p>\n<p><strong>Ynskir t\u00fa l\u00fdsing \u00e1 Su\u00f0uroyarportalinum<\/strong><br \/>\nUm t\u00fa ynskir l\u00fdsing \u00e1 Su\u00f0uroyarportalinum, so sett teg \u00ed samband vi\u00f0 okkum \u00e1 e-mail:&nbsp;<a href=\"https:\/\/mail.google.com\/mail\/?view=cm&amp;fs=1&amp;tf=1&amp;to=webmaster@sudurras.fo\" target=\"_blank\" rel=\"noopener noreferrer\">webmaster@sudurras.fo<\/a><\/p>\n","protected":false},"excerpt":{"rendered":"<p>Galdandi fr\u00e1 25. feb. 2026 &nbsp; Kostna\u00f0ur av mi\u00f0al l\u00fdsing L\u00fdsing \u00ed 1 viku: kr. 1.000 + MVG = kr. 1.250,00 (minsta gjald) L\u00fdsing \u00ed 1 m\u00e1na\u00f0: kr. 3.000 + MVG = kr. 3.750,00 &nbsp; Kostna\u00f0ur av l\u00fdsing \u00ed toppinum (1200 x&nbsp; 200 pixel) L\u00fdsing \u00ed 1 viku: kr. 1.200 + MVG = kr. 1.500.00 [&hellip;]<\/p>\n","protected":false},"author":25,"featured_media":0,"parent":0,"menu_order":0,"comment_status":"closed","ping_status":"closed","template":"","meta":{"ngg_post_thumbnail":0,"footnotes":""},"class_list":["post-308","page","type-page","status-publish","hentry"],"publishpress_future_action":{"enabled":false,"date":"2026-04-21 08:28:17","action":"change-status","newStatus":"draft","terms":[],"taxonomy":"","extraData":[]},"publishpress_future_workflow_manual_trigger":{"enabledWorkflows":[]},"_links":{"self":[{"href":"https:\/\/sudurras.fo\/index.php?rest_route=\/wp\/v2\/pages\/308","targetHints":{"allow":["GET"]}}],"collection":[{"href":"https:\/\/sudurras.fo\/index.php?rest_route=\/wp\/v2\/pages"}],"about":[{"href":"https:\/\/sudurras.fo\/index.php?rest_route=\/wp\/v2\/types\/page"}],"author":[{"embeddable":true,"href":"https:\/\/sudurras.fo\/index.php?rest_route=\/wp\/v2\/users\/25"}],"replies":[{"embeddable":true,"href":"https:\/\/sudurras.fo\/index.php?rest_route=%2Fwp%2Fv2%2Fcomments&post=308"}],"version-history":[{"count":1,"href":"https:\/\/sudurras.fo\/index.php?rest_route=\/wp\/v2\/pages\/308\/revisions"}],"predecessor-version":[{"id":42134,"href":"https:\/\/sudurras.fo\/index.php?rest_route=\/wp\/v2\/pages\/308\/revisions\/42134"}],"wp:attachment":[{"href":"https:\/\/sudurras.fo\/index.php?rest_route=%2Fwp%2Fv2%2Fmedia&parent=308"}],"curies":[{"name":"wp","href":"https:\/\/api.w.org\/{rel}","templated":true}]}}